{"id":2677,"date":"2023-09-14T09:53:32","date_gmt":"2023-09-14T07:53:32","guid":{"rendered":"https:\/\/www.fribourgnetwork.ch\/?post_type=testimonials&#038;p=2677"},"modified":"2023-09-14T11:29:33","modified_gmt":"2023-09-14T09:29:33","slug":"roger-meier-ceo-von-roomz","status":"publish","type":"testimonials","link":"https:\/\/www.fribourg.swiss\/de\/testimonial\/roger-meier-ceo-von-roomz\/","title":{"rendered":"Roger Meier, CEO von ROOMZ"},"content":{"rendered":"<div class=\"wpb-content-wrapper\"><p>[vc_row el_class=&#8220;pt-0&#8243;][vc_column][vc_row_inner][vc_column_inner width=&#8220;2\/12&#8243;][\/vc_column_inner][vc_column_inner width=&#8220;10\/12&#8243;][vc_column_text]<\/p>\n<h2><strong>Eine wertvolle Unterst\u00fctzung<\/strong><\/h2>\n<p>[\/vc_column_text][\/vc_column_inner][\/vc_row_inner][\/vc_column][\/vc_row][vc_row][vc_column][vc_row_inner][vc_column_inner width=&#8220;2\/12&#8243;][\/vc_column_inner][vc_column_inner width=&#8220;10\/12&#8243;][\/vc_column_inner][\/vc_row_inner][\/vc_column][\/vc_row][vc_row el_class=&#8220;pt-0&#8243;][vc_column][vc_row_inner][vc_column_inner width=&#8220;2\/12&#8243;][\/vc_column_inner][vc_column_inner width=&#8220;5\/12&#8243;][vc_column_text]<strong>Neben der wertvollen Unterst\u00fctzung durch Strukturen wie die Wirtschaftsf\u00f6rderung oder Risikokapital Freiburg ist die Zweisprachigkeit der Region ein Vorteil f\u00fcr uns, ebenso wie unser Standort im Innovationsquartier Bluefactory im Herzen der Stadt.<\/strong><\/p>\n<p>&nbsp;<\/p>\n<p>[\/vc_column_text]<div class='row'><div class='col-lg-12 module-buttons 0'><a href='https:\/\/www.fribourgnetwork.ch\/de\/effizient-intelligent-und-nachhaltig\/' class='button' target='_blank'>EFFIZIENT, INTELLIGENT UND NACHHALTIG<\/a><br \/><\/div><\/div>[\/vc_column_inner][vc_column_inner width=&#8220;5\/12&#8243;][vc_single_image image=&#8220;2673&#8243; img_size=&#8220;full&#8220;][\/vc_column_inner][\/vc_row_inner][\/vc_column][\/vc_row]<\/p>\n<\/div>","protected":false},"author":1,"featured_media":2672,"template":"","class_list":["post-2677","testimonials","type-testimonials","status-publish","hentry"],"acf":[],"yoast_head":"<!-- This site is optimized with the Yoast SEO plugin v26.9 - https:\/\/yoast.com\/product\/yoast-seo-wordpress\/ -->\n<title>Roger Meier, CEO von ROOMZ | fribourg.swiss<\/title>\n<meta name=\"robots\" content=\"index, follow, max-snippet:-1, max-image-preview:large, max-video-preview:-1\" \/>\n<link rel=\"canonical\" href=\"https:\/\/www.fribourg.swiss\/de\/testimonial\/roger-meier-ceo-von-roomz\/\" \/>\n<meta property=\"og:locale\" content=\"de_DE\" \/>\n<meta property=\"og:type\" content=\"article\" \/>\n<meta property=\"og:title\" content=\"Roger Meier, CEO von ROOMZ | fribourg.swiss\" \/>\n<meta property=\"og:description\" content=\"[vc_row el_class=&#8220;pt-0&#8243;][vc_column][vc_row_inner][vc_column_inner width=&#8220;2\/12&#8243;][\/vc_column_inner][vc_column_inner width=&#8220;10\/12&#8243;][vc_column_text] Eine wertvolle Unterst\u00fctzung [\/vc_column_text][\/vc_column_inner][\/vc_row_inner][\/vc_column][\/vc_row][vc_row][vc_column][vc_row_inner][vc_column_inner width=&#8220;2\/12&#8243;][\/vc_column_inner][vc_column_inner width=&#8220;10\/12&#8243;][\/vc_column_inner][\/vc_row_inner][\/vc_column][\/vc_row][vc_row el_class=&#8220;pt-0&#8243;][vc_column][vc_row_inner][vc_column_inner width=&#8220;2\/12&#8243;][\/vc_column_inner][vc_column_inner width=&#8220;5\/12&#8243;][vc_column_text]Neben der wertvollen Unterst\u00fctzung durch Strukturen wie die Wirtschaftsf\u00f6rderung oder Risikokapital Freiburg ist die Zweisprachigkeit der Region ein Vorteil f\u00fcr uns, ebenso wie unser Standort im Innovationsquartier Bluefactory im Herzen der Stadt. &nbsp; [\/vc_column_text][\/vc_column_inner][vc_column_inner width=&#8220;5\/12&#8243;][vc_single_image image=&#8220;2673&#8243; img_size=&#8220;full&#8220;][\/vc_column_inner][\/vc_row_inner][\/vc_column][\/vc_row]\" \/>\n<meta property=\"og:url\" content=\"https:\/\/www.fribourg.swiss\/de\/testimonial\/roger-meier-ceo-von-roomz\/\" \/>\n<meta property=\"og:site_name\" content=\"fribourg.swiss\" \/>\n<meta property=\"article:modified_time\" content=\"2023-09-14T09:29:33+00:00\" \/>\n<meta property=\"og:image\" content=\"https:\/\/www.fribourg.swiss\/wp-content\/uploads\/2023\/09\/meier-portrait.jpg\" \/>\n\t<meta property=\"og:image:width\" content=\"768\" \/>\n\t<meta property=\"og:image:height\" content=\"768\" \/>\n\t<meta property=\"og:image:type\" content=\"image\/jpeg\" \/>\n<meta name=\"twitter:card\" content=\"summary_large_image\" \/>\n<meta name=\"twitter:label1\" content=\"Gesch\u00e4tzte Lesezeit\" \/>\n\t<meta name=\"twitter:data1\" content=\"1\u00a0Minute\" \/>\n<script type=\"application\/ld+json\" class=\"yoast-schema-graph\">{\"@context\":\"https:\/\/schema.org\",\"@graph\":[{\"@type\":\"WebPage\",\"@id\":\"https:\/\/www.fribourg.swiss\/de\/testimonial\/roger-meier-ceo-von-roomz\/\",\"url\":\"https:\/\/www.fribourg.swiss\/de\/testimonial\/roger-meier-ceo-von-roomz\/\",\"name\":\"Roger Meier, CEO von ROOMZ | fribourg.swiss\",\"isPartOf\":{\"@id\":\"https:\/\/www.fribourg.swiss\/de\/#website\"},\"primaryImageOfPage\":{\"@id\":\"https:\/\/www.fribourg.swiss\/de\/testimonial\/roger-meier-ceo-von-roomz\/#primaryimage\"},\"image\":{\"@id\":\"https:\/\/www.fribourg.swiss\/de\/testimonial\/roger-meier-ceo-von-roomz\/#primaryimage\"},\"thumbnailUrl\":\"https:\/\/www.fribourg.swiss\/wp-content\/uploads\/2023\/09\/meier-portrait.jpg\",\"datePublished\":\"2023-09-14T07:53:32+00:00\",\"dateModified\":\"2023-09-14T09:29:33+00:00\",\"breadcrumb\":{\"@id\":\"https:\/\/www.fribourg.swiss\/de\/testimonial\/roger-meier-ceo-von-roomz\/#breadcrumb\"},\"inLanguage\":\"de\",\"potentialAction\":[{\"@type\":\"ReadAction\",\"target\":[\"https:\/\/www.fribourg.swiss\/de\/testimonial\/roger-meier-ceo-von-roomz\/\"]}]},{\"@type\":\"ImageObject\",\"inLanguage\":\"de\",\"@id\":\"https:\/\/www.fribourg.swiss\/de\/testimonial\/roger-meier-ceo-von-roomz\/#primaryimage\",\"url\":\"https:\/\/www.fribourg.swiss\/wp-content\/uploads\/2023\/09\/meier-portrait.jpg\",\"contentUrl\":\"https:\/\/www.fribourg.swiss\/wp-content\/uploads\/2023\/09\/meier-portrait.jpg\",\"width\":768,\"height\":768,\"caption\":\"FNF 2019; Nadine Lacroix Oggler Fribourg, 21.01.2019 Photo FNF \/ Charly Rappo\"},{\"@type\":\"BreadcrumbList\",\"@id\":\"https:\/\/www.fribourg.swiss\/de\/testimonial\/roger-meier-ceo-von-roomz\/#breadcrumb\",\"itemListElement\":[{\"@type\":\"ListItem\",\"position\":1,\"name\":\"Accueil\",\"item\":\"https:\/\/www.fribourg.swiss\/de\/\"},{\"@type\":\"ListItem\",\"position\":2,\"name\":\"Testimonials\",\"item\":\"https:\/\/www.fribourg.swiss\/de\/testimonial\/\"},{\"@type\":\"ListItem\",\"position\":3,\"name\":\"Roger Meier, CEO von ROOMZ\"}]},{\"@type\":\"WebSite\",\"@id\":\"https:\/\/www.fribourg.swiss\/de\/#website\",\"url\":\"https:\/\/www.fribourg.swiss\/de\/\",\"name\":\"fribourg.swiss\",\"description\":\"The place to grow\",\"publisher\":{\"@id\":\"https:\/\/www.fribourg.swiss\/de\/#organization\"},\"potentialAction\":[{\"@type\":\"SearchAction\",\"target\":{\"@type\":\"EntryPoint\",\"urlTemplate\":\"https:\/\/www.fribourg.swiss\/de\/?s={search_term_string}\"},\"query-input\":{\"@type\":\"PropertyValueSpecification\",\"valueRequired\":true,\"valueName\":\"search_term_string\"}}],\"inLanguage\":\"de\"},{\"@type\":\"Organization\",\"@id\":\"https:\/\/www.fribourg.swiss\/de\/#organization\",\"name\":\"Fribourg Network Freiburg\",\"url\":\"https:\/\/www.fribourg.swiss\/de\/\",\"logo\":{\"@type\":\"ImageObject\",\"inLanguage\":\"de\",\"@id\":\"https:\/\/www.fribourg.swiss\/de\/#\/schema\/logo\/image\/\",\"url\":\"https:\/\/www.fribourgnetwork.ch\/wp-content\/uploads\/2022\/08\/logo.png\",\"contentUrl\":\"https:\/\/www.fribourgnetwork.ch\/wp-content\/uploads\/2022\/08\/logo.png\",\"width\":270,\"height\":140,\"caption\":\"Fribourg Network Freiburg\"},\"image\":{\"@id\":\"https:\/\/www.fribourg.swiss\/de\/#\/schema\/logo\/image\/\"}}]}<\/script>\n<!-- \/ Yoast SEO plugin. -->","yoast_head_json":{"title":"Roger Meier, CEO von ROOMZ | fribourg.swiss","robots":{"index":"index","follow":"follow","max-snippet":"max-snippet:-1","max-image-preview":"max-image-preview:large","max-video-preview":"max-video-preview:-1"},"canonical":"https:\/\/www.fribourg.swiss\/de\/testimonial\/roger-meier-ceo-von-roomz\/","og_locale":"de_DE","og_type":"article","og_title":"Roger Meier, CEO von ROOMZ | fribourg.swiss","og_description":"[vc_row el_class=&#8220;pt-0&#8243;][vc_column][vc_row_inner][vc_column_inner width=&#8220;2\/12&#8243;][\/vc_column_inner][vc_column_inner width=&#8220;10\/12&#8243;][vc_column_text] Eine wertvolle Unterst\u00fctzung [\/vc_column_text][\/vc_column_inner][\/vc_row_inner][\/vc_column][\/vc_row][vc_row][vc_column][vc_row_inner][vc_column_inner width=&#8220;2\/12&#8243;][\/vc_column_inner][vc_column_inner width=&#8220;10\/12&#8243;][\/vc_column_inner][\/vc_row_inner][\/vc_column][\/vc_row][vc_row el_class=&#8220;pt-0&#8243;][vc_column][vc_row_inner][vc_column_inner width=&#8220;2\/12&#8243;][\/vc_column_inner][vc_column_inner width=&#8220;5\/12&#8243;][vc_column_text]Neben der wertvollen Unterst\u00fctzung durch Strukturen wie die Wirtschaftsf\u00f6rderung oder Risikokapital Freiburg ist die Zweisprachigkeit der Region ein Vorteil f\u00fcr uns, ebenso wie unser Standort im Innovationsquartier Bluefactory im Herzen der Stadt. &nbsp; [\/vc_column_text][\/vc_column_inner][vc_column_inner width=&#8220;5\/12&#8243;][vc_single_image image=&#8220;2673&#8243; img_size=&#8220;full&#8220;][\/vc_column_inner][\/vc_row_inner][\/vc_column][\/vc_row]","og_url":"https:\/\/www.fribourg.swiss\/de\/testimonial\/roger-meier-ceo-von-roomz\/","og_site_name":"fribourg.swiss","article_modified_time":"2023-09-14T09:29:33+00:00","og_image":[{"width":768,"height":768,"url":"https:\/\/www.fribourg.swiss\/wp-content\/uploads\/2023\/09\/meier-portrait.jpg","type":"image\/jpeg"}],"twitter_card":"summary_large_image","twitter_misc":{"Gesch\u00e4tzte Lesezeit":"1\u00a0Minute"},"schema":{"@context":"https:\/\/schema.org","@graph":[{"@type":"WebPage","@id":"https:\/\/www.fribourg.swiss\/de\/testimonial\/roger-meier-ceo-von-roomz\/","url":"https:\/\/www.fribourg.swiss\/de\/testimonial\/roger-meier-ceo-von-roomz\/","name":"Roger Meier, CEO von ROOMZ | fribourg.swiss","isPartOf":{"@id":"https:\/\/www.fribourg.swiss\/de\/#website"},"primaryImageOfPage":{"@id":"https:\/\/www.fribourg.swiss\/de\/testimonial\/roger-meier-ceo-von-roomz\/#primaryimage"},"image":{"@id":"https:\/\/www.fribourg.swiss\/de\/testimonial\/roger-meier-ceo-von-roomz\/#primaryimage"},"thumbnailUrl":"https:\/\/www.fribourg.swiss\/wp-content\/uploads\/2023\/09\/meier-portrait.jpg","datePublished":"2023-09-14T07:53:32+00:00","dateModified":"2023-09-14T09:29:33+00:00","breadcrumb":{"@id":"https:\/\/www.fribourg.swiss\/de\/testimonial\/roger-meier-ceo-von-roomz\/#breadcrumb"},"inLanguage":"de","potentialAction":[{"@type":"ReadAction","target":["https:\/\/www.fribourg.swiss\/de\/testimonial\/roger-meier-ceo-von-roomz\/"]}]},{"@type":"ImageObject","inLanguage":"de","@id":"https:\/\/www.fribourg.swiss\/de\/testimonial\/roger-meier-ceo-von-roomz\/#primaryimage","url":"https:\/\/www.fribourg.swiss\/wp-content\/uploads\/2023\/09\/meier-portrait.jpg","contentUrl":"https:\/\/www.fribourg.swiss\/wp-content\/uploads\/2023\/09\/meier-portrait.jpg","width":768,"height":768,"caption":"FNF 2019; Nadine Lacroix Oggler Fribourg, 21.01.2019 Photo FNF \/ Charly Rappo"},{"@type":"BreadcrumbList","@id":"https:\/\/www.fribourg.swiss\/de\/testimonial\/roger-meier-ceo-von-roomz\/#breadcrumb","itemListElement":[{"@type":"ListItem","position":1,"name":"Accueil","item":"https:\/\/www.fribourg.swiss\/de\/"},{"@type":"ListItem","position":2,"name":"Testimonials","item":"https:\/\/www.fribourg.swiss\/de\/testimonial\/"},{"@type":"ListItem","position":3,"name":"Roger Meier, CEO von ROOMZ"}]},{"@type":"WebSite","@id":"https:\/\/www.fribourg.swiss\/de\/#website","url":"https:\/\/www.fribourg.swiss\/de\/","name":"fribourg.swiss","description":"The place to grow","publisher":{"@id":"https:\/\/www.fribourg.swiss\/de\/#organization"},"potentialAction":[{"@type":"SearchAction","target":{"@type":"EntryPoint","urlTemplate":"https:\/\/www.fribourg.swiss\/de\/?s={search_term_string}"},"query-input":{"@type":"PropertyValueSpecification","valueRequired":true,"valueName":"search_term_string"}}],"inLanguage":"de"},{"@type":"Organization","@id":"https:\/\/www.fribourg.swiss\/de\/#organization","name":"Fribourg Network Freiburg","url":"https:\/\/www.fribourg.swiss\/de\/","logo":{"@type":"ImageObject","inLanguage":"de","@id":"https:\/\/www.fribourg.swiss\/de\/#\/schema\/logo\/image\/","url":"https:\/\/www.fribourgnetwork.ch\/wp-content\/uploads\/2022\/08\/logo.png","contentUrl":"https:\/\/www.fribourgnetwork.ch\/wp-content\/uploads\/2022\/08\/logo.png","width":270,"height":140,"caption":"Fribourg Network Freiburg"},"image":{"@id":"https:\/\/www.fribourg.swiss\/de\/#\/schema\/logo\/image\/"}}]}},"_links":{"self":[{"href":"https:\/\/www.fribourg.swiss\/de\/wp-json\/wp\/v2\/testimonials\/2677","targetHints":{"allow":["GET"]}}],"collection":[{"href":"https:\/\/www.fribourg.swiss\/de\/wp-json\/wp\/v2\/testimonials"}],"about":[{"href":"https:\/\/www.fribourg.swiss\/de\/wp-json\/wp\/v2\/types\/testimonials"}],"author":[{"embeddable":true,"href":"https:\/\/www.fribourg.swiss\/de\/wp-json\/wp\/v2\/users\/1"}],"wp:featuredmedia":[{"embeddable":true,"href":"https:\/\/www.fribourg.swiss\/de\/wp-json\/wp\/v2\/media\/2672"}],"wp:attachment":[{"href":"https:\/\/www.fribourg.swiss\/de\/wp-json\/wp\/v2\/media?parent=2677"}],"curies":[{"name":"wp","href":"https:\/\/api.w.org\/{rel}","templated":true}]}}

<div class="wpb-content-wrapper"><p>[vc_row el_class=&#8220;pt-0&#8243;][vc_column][vc_row_inner][vc_column_inner width=&#8220;2/12&#8243;][/vc_column_inner][vc_column_inner width=&#8220;10/12&#8243;][vc_column_text]</p>
<h2><strong>Eine wertvolle Unterstützung</strong></h2>
<p>[/vc_column_text][/vc_column_inner][/vc_row_inner][/vc_column][/vc_row][vc_row][vc_column][vc_row_inner][vc_column_inner width=&#8220;2/12&#8243;][/vc_column_inner][vc_column_inner width=&#8220;10/12&#8243;][/vc_column_inner][/vc_row_inner][/vc_column][/vc_row][vc_row el_class=&#8220;pt-0&#8243;][vc_column][vc_row_inner][vc_column_inner width=&#8220;2/12&#8243;][/vc_column_inner][vc_column_inner width=&#8220;5/12&#8243;][vc_column_text]<strong>Neben der wertvollen Unterstützung durch Strukturen wie die Wirtschaftsförderung oder Risikokapital Freiburg ist die Zweisprachigkeit der Region ein Vorteil für uns, ebenso wie unser Standort im Innovationsquartier Bluefactory im Herzen der Stadt.</strong></p>
<p>&nbsp;</p>
<p>[/vc_column_text]<div class='row'><div class='col-lg-12 module-buttons 0'><a href='https://www.fribourgnetwork.ch/de/effizient-intelligent-und-nachhaltig/' class='button' target='_blank'>EFFIZIENT, INTELLIGENT UND NACHHALTIG</a><br /></div></div>[/vc_column_inner][vc_column_inner width=&#8220;5/12&#8243;][vc_single_image image=&#8220;2673&#8243; img_size=&#8220;full&#8220;][/vc_column_inner][/vc_row_inner][/vc_column][/vc_row]</p>
</div>

<!-- This site is optimized with the Yoast SEO plugin v26.9 - https://yoast.com/product/yoast-seo-wordpress/ -->
<title>Roger Meier, CEO von ROOMZ | fribourg.swiss</title>
<meta name="robots" content="index, follow, max-snippet:-1, max-image-preview:large, max-video-preview:-1" />
<link rel="canonical" href="https://www.fribourg.swiss/de/testimonial/roger-meier-ceo-von-roomz/" />
<meta property="og:locale" content="de_DE" />
<meta property="og:type" content="article" />
<meta property="og:title" content="Roger Meier, CEO von ROOMZ | fribourg.swiss" />
<meta property="og:description" content="[vc_row el_class=&#8220;pt-0&#8243;][vc_column][vc_row_inner][vc_column_inner width=&#8220;2/12&#8243;][/vc_column_inner][vc_column_inner width=&#8220;10/12&#8243;][vc_column_text] Eine wertvolle Unterstützung [/vc_column_text][/vc_column_inner][/vc_row_inner][/vc_column][/vc_row][vc_row][vc_column][vc_row_inner][vc_column_inner width=&#8220;2/12&#8243;][/vc_column_inner][vc_column_inner width=&#8220;10/12&#8243;][/vc_column_inner][/vc_row_inner][/vc_column][/vc_row][vc_row el_class=&#8220;pt-0&#8243;][vc_column][vc_row_inner][vc_column_inner width=&#8220;2/12&#8243;][/vc_column_inner][vc_column_inner width=&#8220;5/12&#8243;][vc_column_text]Neben der wertvollen Unterstützung durch Strukturen wie die Wirtschaftsförderung oder Risikokapital Freiburg ist die Zweisprachigkeit der Region ein Vorteil für uns, ebenso wie unser Standort im Innovationsquartier Bluefactory im Herzen der Stadt. &nbsp; [/vc_column_text][/vc_column_inner][vc_column_inner width=&#8220;5/12&#8243;][vc_single_image image=&#8220;2673&#8243; img_size=&#8220;full&#8220;][/vc_column_inner][/vc_row_inner][/vc_column][/vc_row]" />
<meta property="og:url" content="https://www.fribourg.swiss/de/testimonial/roger-meier-ceo-von-roomz/" />
<meta property="og:site_name" content="fribourg.swiss" />
<meta property="article:modified_time" content="2023-09-14T09:29:33+00:00" />
<meta property="og:image" content="https://www.fribourg.swiss/wp-content/uploads/2023/09/meier-portrait.jpg" />
	<meta property="og:image:width" content="768" />
	<meta property="og:image:height" content="768" />
	<meta property="og:image:type" content="image/jpeg" />
<meta name="twitter:card" content="summary_large_image" />
<meta name="twitter:label1" content="Geschätzte Lesezeit" />
	<meta name="twitter:data1" content="1 Minute" />
<script type="application/ld+json" class="yoast-schema-graph">{"@context":"https://schema.org","@graph":[{"@type":"WebPage","@id":"https://www.fribourg.swiss/de/testimonial/roger-meier-ceo-von-roomz/","url":"https://www.fribourg.swiss/de/testimonial/roger-meier-ceo-von-roomz/","name":"Roger Meier, CEO von ROOMZ | fribourg.swiss","isPartOf":{"@id":"https://www.fribourg.swiss/de/#website"},"primaryImageOfPage":{"@id":"https://www.fribourg.swiss/de/testimonial/roger-meier-ceo-von-roomz/#primaryimage"},"image":{"@id":"https://www.fribourg.swiss/de/testimonial/roger-meier-ceo-von-roomz/#primaryimage"},"thumbnailUrl":"https://www.fribourg.swiss/wp-content/uploads/2023/09/meier-portrait.jpg","datePublished":"2023-09-14T07:53:32+00:00","dateModified":"2023-09-14T09:29:33+00:00","breadcrumb":{"@id":"https://www.fribourg.swiss/de/testimonial/roger-meier-ceo-von-roomz/#breadcrumb"},"inLanguage":"de","potentialAction":[{"@type":"ReadAction","target":["https://www.fribourg.swiss/de/testimonial/roger-meier-ceo-von-roomz/"]}]},{"@type":"ImageObject","inLanguage":"de","@id":"https://www.fribourg.swiss/de/testimonial/roger-meier-ceo-von-roomz/#primaryimage","url":"https://www.fribourg.swiss/wp-content/uploads/2023/09/meier-portrait.jpg","contentUrl":"https://www.fribourg.swiss/wp-content/uploads/2023/09/meier-portrait.jpg","width":768,"height":768,"caption":"FNF 2019; Nadine Lacroix Oggler Fribourg, 21.01.2019 Photo FNF / Charly Rappo"},{"@type":"BreadcrumbList","@id":"https://www.fribourg.swiss/de/testimonial/roger-meier-ceo-von-roomz/#breadcrumb","itemListElement":[{"@type":"ListItem","position":1,"name":"Accueil","item":"https://www.fribourg.swiss/de/"},{"@type":"ListItem","position":2,"name":"Testimonials","item":"https://www.fribourg.swiss/de/testimonial/"},{"@type":"ListItem","position":3,"name":"Roger Meier, CEO von ROOMZ"}]},{"@type":"WebSite","@id":"https://www.fribourg.swiss/de/#website","url":"https://www.fribourg.swiss/de/","name":"fribourg.swiss","description":"The place to grow","publisher":{"@id":"https://www.fribourg.swiss/de/#organization"},"potentialAction":[{"@type":"SearchAction","target":{"@type":"EntryPoint","urlTemplate":"https://www.fribourg.swiss/de/?s={search_term_string}"},"query-input":{"@type":"PropertyValueSpecification","valueRequired":true,"valueName":"search_term_string"}}],"inLanguage":"de"},{"@type":"Organization","@id":"https://www.fribourg.swiss/de/#organization","name":"Fribourg Network Freiburg","url":"https://www.fribourg.swiss/de/","logo":{"@type":"ImageObject","inLanguage":"de","@id":"https://www.fribourg.swiss/de/#/schema/logo/image/","url":"https://www.fribourgnetwork.ch/wp-content/uploads/2022/08/logo.png","contentUrl":"https://www.fribourgnetwork.ch/wp-content/uploads/2022/08/logo.png","width":270,"height":140,"caption":"Fribourg Network Freiburg"},"image":{"@id":"https://www.fribourg.swiss/de/#/schema/logo/image/"}}]}</script>
<!-- / Yoast SEO plugin. -->

[vc_row el_class=&#8220;pt-0&#8243;][vc_column][vc_row_inner][vc_column_inner width=&#8220;2/12&#8243;][/vc_column_inner][vc_column_inner width=&#8220;10/12&#8243;][vc_column_text] Eine wertvolle Unterstützung [/vc_column_text][/vc_column_inner][/vc_row_inner][/vc_column][/vc_row][vc_row][vc_column][vc_row_inner][vc_column_inner width=&#8220;2/12&#8243;][/vc_column_inner][vc_column_inner width=&#8220;10/12&#8243;][/vc_column_inner][/vc_row_inner][/vc_column][/vc_row][vc_row el_class=&#8220;pt-0&#8243;][vc_column][vc_row_inner][vc_column_inner width=&#8220;2/12&#8243;][/vc_column_inner][vc_column_inner width=&#8220;5/12&#8243;][vc_column_text]Neben der wertvollen Unterstützung durch Strukturen wie die Wirtschaftsförderung oder Risikokapital Freiburg ist die Zweisprachigkeit der Region ein Vorteil für uns, ebenso wie unser Standort im Innovationsquartier Bluefactory im Herzen der Stadt. &nbsp; [/vc_column_text][/vc_column_inner][vc_column_inner width=&#8220;5/12&#8243;][vc_single_image image=&#8220;2673&#8243; img_size=&#8220;full&#8220;][/vc_column_inner][/vc_row_inner][/vc_column][/vc_row]
