{"version":"1.0","provider_name":"fribourg.swiss","provider_url":"https:\/\/www.fribourg.swiss\/de\/","author_name":"admin","author_url":"https:\/\/www.fribourg.swiss\/de\/author\/admin\/","title":"Roger Meier, CEO von ROOMZ | fribourg.swiss","type":"rich","width":600,"height":338,"html":"<blockquote class=\"wp-embedded-content\" data-secret=\"sRMDcxNWaV\"><a href=\"https:\/\/www.fribourg.swiss\/de\/testimonial\/roger-meier-ceo-von-roomz\/\">Roger Meier, CEO von ROOMZ<\/a><\/blockquote><iframe sandbox=\"allow-scripts\" security=\"restricted\" src=\"https:\/\/www.fribourg.swiss\/de\/testimonial\/roger-meier-ceo-von-roomz\/embed\/#?secret=sRMDcxNWaV\" width=\"600\" height=\"338\" title=\"&#8222;Roger Meier, CEO von ROOMZ&#8220; &#8211; fribourg.swiss\" data-secret=\"sRMDcxNWaV\" frameborder=\"0\" marginwidth=\"0\" marginheight=\"0\" scrolling=\"no\" class=\"wp-embedded-content\"><\/iframe><script type=\"text\/javascript\">\n\/* <![CDATA[ *\/\n\/*! This file is auto-generated *\/\n!function(d,l){\"use strict\";l.querySelector&&d.addEventListener&&\"undefined\"!=typeof URL&&(d.wp=d.wp||{},d.wp.receiveEmbedMessage||(d.wp.receiveEmbedMessage=function(e){var t=e.data;if((t||t.secret||t.message||t.value)&&!\/[^a-zA-Z0-9]\/.test(t.secret)){for(var s,r,n,a=l.querySelectorAll('iframe[data-secret=\"'+t.secret+'\"]'),o=l.querySelectorAll('blockquote[data-secret=\"'+t.secret+'\"]'),c=new RegExp(\"^https?:$\",\"i\"),i=0;i<o.length;i++)o[i].style.display=\"none\";for(i=0;i<a.length;i++)s=a[i],e.source===s.contentWindow&&(s.removeAttribute(\"style\"),\"height\"===t.message?(1e3<(r=parseInt(t.value,10))?r=1e3:~~r<200&&(r=200),s.height=r):\"link\"===t.message&&(r=new URL(s.getAttribute(\"src\")),n=new URL(t.value),c.test(n.protocol))&&n.host===r.host&&l.activeElement===s&&(d.top.location.href=t.value))}},d.addEventListener(\"message\",d.wp.receiveEmbedMessage,!1),l.addEventListener(\"DOMContentLoaded\",function(){for(var e,t,s=l.querySelectorAll(\"iframe.wp-embedded-content\"),r=0;r<s.length;r++)(t=(e=s[r]).getAttribute(\"data-secret\"))||(t=Math.random().toString(36).substring(2,12),e.src+=\"#?secret=\"+t,e.setAttribute(\"data-secret\",t)),e.contentWindow.postMessage({message:\"ready\",secret:t},\"*\")},!1)))}(window,document);\n\/\/# sourceURL=https:\/\/www.fribourg.swiss\/wp-includes\/js\/wp-embed.min.js\n\/* ]]> *\/\n<\/script>\n","thumbnail_url":"https:\/\/www.fribourg.swiss\/wp-content\/uploads\/2023\/09\/meier-portrait.jpg","thumbnail_width":768,"thumbnail_height":768,"description":"[vc_row el_class=&#8220;pt-0&#8243;][vc_column][vc_row_inner][vc_column_inner width=&#8220;2\/12&#8243;][\/vc_column_inner][vc_column_inner width=&#8220;10\/12&#8243;][vc_column_text] Eine wertvolle Unterst\u00fctzung [\/vc_column_text][\/vc_column_inner][\/vc_row_inner][\/vc_column][\/vc_row][vc_row][vc_column][vc_row_inner][vc_column_inner width=&#8220;2\/12&#8243;][\/vc_column_inner][vc_column_inner width=&#8220;10\/12&#8243;][\/vc_column_inner][\/vc_row_inner][\/vc_column][\/vc_row][vc_row el_class=&#8220;pt-0&#8243;][vc_column][vc_row_inner][vc_column_inner width=&#8220;2\/12&#8243;][\/vc_column_inner][vc_column_inner width=&#8220;5\/12&#8243;][vc_column_text]Neben der wertvollen Unterst\u00fctzung durch Strukturen wie die Wirtschaftsf\u00f6rderung oder Risikokapital Freiburg ist die Zweisprachigkeit der Region ein Vorteil f\u00fcr uns, ebenso wie unser Standort im Innovationsquartier Bluefactory im Herzen der Stadt. &nbsp; [\/vc_column_text][\/vc_column_inner][vc_column_inner width=&#8220;5\/12&#8243;][vc_single_image image=&#8220;2673&#8243; img_size=&#8220;full&#8220;][\/vc_column_inner][\/vc_row_inner][\/vc_column][\/vc_row]"}

[vc_row el_class=&#8220;pt-0&#8243;][vc_column][vc_row_inner][vc_column_inner width=&#8220;2/12&#8243;][/vc_column_inner][vc_column_inner width=&#8220;10/12&#8243;][vc_column_text] Eine wertvolle Unterstützung [/vc_column_text][/vc_column_inner][/vc_row_inner][/vc_column][/vc_row][vc_row][vc_column][vc_row_inner][vc_column_inner width=&#8220;2/12&#8243;][/vc_column_inner][vc_column_inner width=&#8220;10/12&#8243;][/vc_column_inner][/vc_row_inner][/vc_column][/vc_row][vc_row el_class=&#8220;pt-0&#8243;][vc_column][vc_row_inner][vc_column_inner width=&#8220;2/12&#8243;][/vc_column_inner][vc_column_inner width=&#8220;5/12&#8243;][vc_column_text]Neben der wertvollen Unterstützung durch Strukturen wie die Wirtschaftsförderung oder Risikokapital Freiburg ist die Zweisprachigkeit der Region ein Vorteil für uns, ebenso wie unser Standort im Innovationsquartier Bluefactory im Herzen der Stadt. &nbsp; [/vc_column_text][/vc_column_inner][vc_column_inner width=&#8220;5/12&#8243;][vc_single_image image=&#8220;2673&#8243; img_size=&#8220;full&#8220;][/vc_column_inner][/vc_row_inner][/vc_column][/vc_row]
